he remainder when v is divided by (-90)/(-4) - 3/(-6).
22
Suppose 2*j - 2*n - 1 = 3*n, -4*n = -5*j + 45. What is the remainder when 49 is divided by j?
10
Suppose -3*p = 2*p - 85. What is the remainder when 31 is divided by p?
14
Suppose 2*z + 2*z = 84. What is the remainder when 82 is divided by z?
19
Let a(l) be the second derivative of 5*l**3/6 - 3*l**2/2 - 3*l. What is the remainder when (-4)/6 + 572/12 is divided by a(3)?
11
Let w = 27 - -11. Calculate the remainder when w is divided by 20.
18
Let g(c) = c**3 + 12*c**2 - 2*c - 17. Suppose 2*o - 20 = -52. Let z = o + 29. Calculate the remainder when z is divided by g(-12).
6
Suppose -5*g - 5*z = -605, 2*g - 8*z - 254 = -4*z. Let t be (-28)/(-6) + (-2)/(-6). Suppose -t*y + 52 = -g. What is the remainder when y is divided by 18?
17
Suppose 8 = 2*k - 0. Suppose -k*i - 2*x + x + 235 = 0, -i + 55 = 4*x. Let d = 194 + -179. Calculate the remainder when i is divided by d.
14
Suppose 5*f + 16 = w, 0 = 5*w + 3*f - 0*f - 108. Calculate the remainder when w is divided by 3.
0
Suppose 0 = -5*o - 0*o + 95. Let v = o - 8. Suppose -5*g = -3*g - 8. What is the remainder when v is divided by g?
3
Let u be (1/3)/((-1)/(-12)). What is the remainder when (106/3)/(u/6) is divided by 18?
17
Let a(o) = -2*o**3 - 2*o**2 - 3*o - 1. Let r be a(-2). Let k = r - 8. What is the remainder when (-80)/(-6) + (-8)/(-12) is divided by k?
4
Let f(x) = 7*x - 2. Calculate the remainder when f(6) is divided by 69/5 + (-8)/(-40).
12
Let x(l) = -l**2 - 13*l - 9. What is the remainder when 79 is divided by x(-10)?
16
Suppose 3*r - 3*x + 24 = 4*r, -4*r - 4*x = -72. Suppose 4*v = -244 - 8. Let m = v - -107. What is the remainder when m is divided by r?
14
Let h = 65 + -24. What is the remainder when h is divided by 14?
13
Let r = 3 + -1. Calculate the remainder when 25 is divided by r.
1
Suppose 4*g - 27 = 1. Suppose -w = -2*t + 45, -2*t = -4*t - 5*w + 15. Calculate the remainder when t is divided by g.
6
Suppose x + x - 32 = -4*p, p + 5*x = 26. Suppose -2*f + f = -p. What is the remainder when 22 is divided by f?
4
Suppose v = y - 2 + 3, v + 5*y = 13. Suppose 0*b = v*b - 9. Let i = 13 - b. What is the remainder when 39 is divided by i?
9
Let q = -10 - -13. What is the remainder when 4 is divided by q?
1
Let x(i) = -i**2 + 22. Let h = -79 - -87. Calculate the remainder when x(0) is divided by h.
6
Let a = 20 - 16. Calculate the remainder when a is divided by 2.
0
Let g = 52 - 38. Calculate the remainder when 125 is divided by g.
13
Let o = 1 - -10. Let m(u) = u**3 - 5*u**2 + 3. Suppose 8 + 7 = 3*x. Calculate the remainder when o is divided by m(x).
2
Let k = 6 - 1. What is the remainder when 13 is divided by k?
3
Let s(v) = v + 17. Calculate the remainder when s(4) is divided by 11.
10
Let o(j) = -j**2 + 12*j + 4. Let u be o(11). Let p = 34 - u. Calculate the remainder when p is divided by 5.
4
Let x(b) = 2*b**2 - 2. Let f be (8/6)/(6/(-99)). Let h = f + 38. What is the remainder when h is divided by x(-2)?
4
Let x = 0 + 1. Let a be (0/6)/(1 + 0). What is the remainder when (1 + a)*(8 - 5) is divided by x?
0
Let v(x) = 9*x - 4. Let m(h) = -6*h + 3. Let n(s) = 7*m(s) + 5*v(s). Calculate the remainder when 38 is divided by n(4).
12
Suppose -74 = -5*y - 5*n + n, 2*y - 4*n = 24. Suppose 0*r - 3*z = -r - y, 5*r + 16 = -3*z. Calculate the remainder when (-30)/7*(-2 + r) is divided by 16.
14
Let c(l) = l**2 + 2*l - 2. What is the remainder when c(-9) is divided by 16?
13
Let i be (-3)/(-3) + 1/(-1). Suppose i = -2*d - 3*b + 107, 2*d - 5*b = 52 + 79. What is the remainder when d is divided by 20?
18
Let w = -22 - -32. Let i = 67 - 31. What is the remainder when i is divided by w?
6
Suppose l - 19 = -1. Let a be 3*4 + -2*1. Let j = 62 - a. Calculate the remainder when j is divided by l.
16
Let j = 3 + -11. Let d(n) = -2*n - 1. What is the remainder when d(j) is divided by 8?
7
Suppose 0 = -5*b - 0*i - i + 20, 3*b - 35 = 4*i. Suppose -b*o = -0*o - 10. Calculate the remainder when 2 is divided by o.
0
Let i = -6 + 8. Suppose 0*r - 5*r = 3*a - 39, -4*a + 24 = i*r. Calculate the remainder when 11 is divided by r.
5
Suppose -2*h + 5*k + 14 = -86, -2 = k. Calculate the remainder when h is divided by 17.
11
Suppose 2*x - 1 = -4*g + 3, 0 = 3*x + 6. Let v be (1 - (3 + -1))/(-1). Suppose 6 = -i - 5*c, 2*c + 7 = i - v. What is the remainder when i is divided by g?
0
Let y(z) = -3*z - 1. Let t(w) = -w**2 - 3*w + 2. Let m be t(-4). What is the remainder when (-101)/(-11) - 4/22 is divided by y(m)?
4
Suppose -5*a + 7*a - 46 = 0. Calculate the remainder when a is divided by 12.
11
Suppose 6*j - 5*j - 2 = 0. Suppose w + 91 = -5*a + 241, -2*a + j*w = -48. Calculate the remainder when 114 is divided by a.
27
Let o(z) = 20*z**2. Suppose -4*i + 5*i - 11 = 0. Calculate the remainder when o(1) is divided by i.
9
Let o(r) = 6*r - 2. Calculate the remainder when ((-74)/6)/((-1)/9) is divided by o(5).
27
Let p(v) = -v**3 - 11*v**2 - 24*v + 11. Calculate the remainder when p(-8) is divided by 5.
1
Suppose -6*j + j + 60 = 0. Let b be -1 + 2/((-4)/(-198)). Suppose -2*l + 22 = -3*x + b, 0 = 2*x - 3*l - 59. Calculate the remainder when x is divided by j.
10
What is the remainder when 106 is divided by 13/39 + (-53)/(-3)?
16
Let a(u) = -u**2 - 10*u - 1. Let f be 1*(-2 + (-10)/2). What is the remainder when a(f) is divided by 7?
6
Let w(y) = -3*y - 3. Let n be w(-2). Calculate the remainder when (-2)/(4/(-34)) - -1 is divided by 29/n - 1/(-3).
8
Calculate the remainder when (12/4 + -6)*-14 is divided by 15.
12
Suppose 4*f = -f + 135. Calculate the remainder when 133 is divided by f.
25
Suppose -l + 3*l = -2*w + 98, 2*l = -4*w + 104. Calculate the remainder when l is divided by 12.
10
Let f = 201 + -104. Let w(j) = j**3 - 8*j**2 + 7*j + 4. Let s be w(7). Suppose -s*r + f - 9 = 0. Calculate the remainder when r is divided by 12.
10
Let n = -67 - -92. Calculate the remainder when n is divided by 15.
10
Let q = -6 - -193. What is the remainder when q is divided by 21?
19
Let l(v) = v**3 + 7*v**2 + 4. Suppose -3*h = -4*h - 7. Let d be l(h). Suppose 3*y = -2*n + 35, n - 32 = -5*y - d. What is the remainder when 36 is divided by n?
10
Suppose 46 = 4*i - 50. What is the remainder when 47 is divided by i?
23
Let b(j) = -3*j**3 + 3*j + 2. Suppose -3*t + 304 = 5*t. What is the remainder when t is divided by b(-2)?
18
Let g(k) = 3*k**3 + 2*k - 1. What is the remainder when 7 is divided by g(1)?
3
Suppose -4*y + 60 + 48 = 0. What is the remainder when 101 is divided by y?
20
Let i(l) = l**3 + 11*l**2 - 2*l + 10. Let w be i(-7). Suppose -4*v = v - w. Suppose -56 = -9*d + 79. What is the remainder when v is divided by d?
14
Let c(j) = -j**3 + 22*j**2 - 21*j + 15. Calculate the remainder when 42 is divided by c(21).
12
Suppose -7*w + 102 + 115 = 0. Let g(n) = -n**3 + 8*n**2 + 2*n. What is the remainder when w is divided by g(8)?
15
Let y(x) = 3*x - 12. Calculate the remainder when 57 is divided by y(9).
12
Let l(d) = -d**2 - d - 8. Let b be 50/(-8) - (-6)/24. Let q be l(b). Let z = -17 - q. What is the remainder when z is divided by 11?
10
Let g be (-6)/(15/(-6) + 2). Calculate the remainder when 41 is divided by 22*3/g*2.
8
Suppose 7 = -5*p - 8, -3*s = -5*p - 300. What is the remainder when s is divided by 27?
14
Let l(o) = 10*o - 5 - 5 - 6*o - 6. Suppose h - 6*h = i - 55, 0 = 2*h - i - 15. What is the remainder when l(11) is divided by h?
8
Calculate the remainder when (98 - 2)*(-1)/(-3) is divided by 7.
4
Let d = -5 - -49. What is the remainder when d is divided by 16?
12
Suppose 4 - 16 = 3*m - 2*g, 0 = -3*m - 4*g + 6. What is the remainder when 23 is divided by (m/3)/(2/(-39))?
10
Let n = -5 + 16. What is the remainder when 30 is divided by n?
8
Let g = -30 + 41. What is the remainder when 52 is divided by g?
8
Suppose 4*o = 3*o + 2. Suppose 3*l - o = 2*l. Suppose r - 19 = -2*r + 4*x, 2*x = -2. Calculate the remainder when r is divided by l.
1
What is the remainder when (-258)/(-15) - 2/10 is divided by 10?
7
Calculate the remainder when 5*248/20*1 is divided by 24 + 3*(1 + -2).
20
Let o = 6 - -32. What is the remainder when o is divided by 10?
8
Let v be ((-5)/2)/(-1)*2. Let w = v + 15. Calculate the remainder when w is divided by (-4)/(-5) - 310/(-50).
6
Let m(w) = w**2 + 12*w